inder when 69 is divided by 21?
6
Calculate the remainder when 11 is divided by 7.
4
What is the remainder when 1298 is divided by 39?
11
Calculate the remainder when 1068 is divided by 91.
67
What is the remainder when 954 is divided by 57?
42
Calculate the remainder when 24 is divided by 10.
4
What is the remainder when 344 is divided by 159?
26
Calculate the remainder when 4858 is divided by 9.
7
What is the remainder when 79 is divided by 2?
1
What is the remainder when 3329 is divided by 74?
73
Calculate the remainder when 368 is divided by 118.
14
Calculate the remainder when 1961 is divided by 179.
171
What is the remainder when 1381 is divided by 388?
217
What is the remainder when 1873 is divided by 557?
202
Calculate the remainder when 189 is divided by 21.
0
What is the remainder when 353 is divided by 45?
38
What is the remainder when 1797 is divided by 447?
9
What is the remainder when 377 is divided by 160?
57
Calculate the remainder when 250 is divided by 45.
25
What is the remainder when 176 is divided by 79?
18
What is the remainder when 243 is divided by 35?
33
Calculate the remainder when 453 is divided by 27.
21
Calculate the remainder when 233 is divided by 92.
49
Calculate the remainder when 127 is divided by 13.
10
What is the remainder when 287 is divided by 7?
0
What is the remainder when 1092 is divided by 338?
78
What is the remainder when 705 is divided by 101?
99
What is the remainder when 705 is divided by 177?
174
What is the remainder when 955 is divided by 25?
5
Calculate the remainder when 368 is divided by 87.
20
Calculate the remainder when 5274 is divided by 29.
25
What is the remainder when 119 is divided by 5?
4
Calculate the remainder when 19759 is divided by 40.
39
What is the remainder when 169 is divided by 44?
37
What is the remainder when 90 is divided by 58?
32
What is the remainder when 5598 is divided by 112?
110
Calculate the remainder when 511 is divided by 27.
25
What is the remainder when 156 is divided by 30?
6
Calculate the remainder when 66 is divided by 18.
12
What is the remainder when 878 is divided by 80?
78
What is the remainder when 2964 is divided by 142?
124
What is the remainder when 76 is divided by 8?
4
What is the remainder when 1255 is divided by 37?
34
Calculate the remainder when 10 is divided by 5.
0
What is the remainder when 637 is divided by 18?
7
What is the remainder when 5960 is divided by 89?
86
What is the remainder when 128 is divided by 83?
45
What is the remainder when 283 is divided by 36?
31
What is the remainder when 112 is divided by 10?
2
What is the remainder when 27 is divided by 6?
3
What is the remainder when 2013 is divided by 665?
18
What is the remainder when 1463 is divided by 210?
203
Calculate the remainder when 789 is divided by 261.
6
What is the remainder when 73 is divided by 30?
13
Calculate the remainder when 103 is divided by 27.
22
What is the remainder when 401 is divided by 6?
5
Calculate the remainder when 588 is divided by 11.
5
Calculate the remainder when 67 is divided by 4.
3
Calculate the remainder when 4847 is divided by 194.
191
What is the remainder when 227 is divided by 49?
31
Calculate the remainder when 7527 is divided by 10.
7
What is the remainder when 540 is divided by 102?
30
What is the remainder when 42 is divided by 8?
2
What is the remainder when 642 is divided by 28?
26
What is the remainder when 338 is divided by 110?
8
Calculate the remainder when 73 is divided by 7.
3
Calculate the remainder when 594 is divided by 23.
19
Calculate the remainder when 21 is divided by 8.
5
Calculate the remainder when 543 is divided by 14.
11
Calculate the remainder when 4615 is divided by 1535.
10
Calculate the remainder when 1683 is divided by 239.
10
What is the remainder when 75 is divided by 19?
18
What is the remainder when 253 is divided by 144?
109
Calculate the remainder when 2391 is divided by 21.
18
Calculate the remainder when 414 is divided by 87.
66
What is the remainder when 158 is divided by 10?
8
What is the remainder when 446 is divided by 15?
11
What is the remainder when 1322 is divided by 64?
42
What is the remainder when 42 is divided by 4?
2
Calculate the remainder when 253 is divided by 33.
22
What is the remainder when 195 is divided by 68?
59
What is the remainder when 267 is divided by 8?
3
What is the remainder when 306 is divided by 146?
14
What is the remainder when 88 is divided by 9?
7
Calculate the remainder when 222 is divided by 220.
2
Calculate the remainder when 304 is divided by 28.
24
Calculate the remainder when 79 is divided by 27.
25
Calculate the remainder when 1518 is divided by 12.
6
Calculate the remainder when 3850 is divided by 133.
126
Calculate the remainder when 121 is divided by 37.
10
Calculate the remainder when 365 is divided by 124.
117
What is the remainder when 60 is divided by 13?
8
Calculate the remainder when 5339 is divided by 39.
35
What is the remainder when 95 is divided by 8?
7
Calculate the remainder when 229 is divided by 77.
75
Calculate the remainder when 274 is divided by 14.
8
What is the remainder when 45 is divided by 14?
3
What is the remainder when 110 is divided by 63?
47
Calculate the remainder when 5424 is divided by 27.
24
What is the remainder when 607 is divided by 161?
124
What is the remainder when 269 is divided by 135?
134
Calculate the remainder when 287 is divided by 36.
35
What is the remainder when 996 is divided by 140?
16
Calculate the remainder when 12659 is divided by 149.
143
What is the remainder when 156 is divided by 39?
0
Calculate the remainder when 1045 is divided by 217.
177
Calculate the remainder when 677 is divided by 68.
65
What is the remainder when 229 is divided by 29?
26
What is the remainder when 1392 is divided by 17?
15
What is the remainder when 1822 is divided by 24?
22
What is the remainder when 2282 is divided by 71?
10
What is the remainder when 342 is divided by 21?
6
What is the remainder when 8 is divided by 4?
0
What is the remainder when 569 is divided by 29?
18
Calculate the remainder when 36 is divided by 5.
1
Calculate the remainder when 1473 is divided by 78.
69
What is the remainder when 262 is divided by 4?
2
Calculate the remainder when 263 is divided by 30.
23
Calculate the remainder when 3190 is divided by 228.
226
What is the remainder when 1214 is divided by 403?
5
Calculate the remainder when 775 is divided by 60.
55
Calculate the remainder when 288 is divided by 43.
30
Calculate the remainder when 8081 is divided by 22.
7
What is the remainder when 878 is divided by 20?
18
Calculate the remainder when 909 is divided by 233.
210
What is the remainder when 1384 is divided by 69?
4
What is the remainder when 8182 is divided by 21?
13
What is the remainder when 595 is divided by 149?
148
What is the remainder when 3822 is divided by 153?
150
What is the remainder when 4 is divided by 4?
0
Calculate the remainder when 2666 is divided by 27.
20
Calculate the remainder when 16 is divided by 5.
1
Calculate the remainder when 5253 is divided by 22.
17
Calculate the remainder when 162 is divided by 37.
14
What is the remainder when 49 is divided by 21?
7
What is the remainder when 339 is divided by 11?
9
Calculate the remainder when 727 is divided by 218.
73
Calculate the remainder when 1495 is divided by 15.
10
Calculate the remainder when 4093 is divided by 1364.
1
What is the remainder when 81 is divided by 41?
40
What is the remainder when 1061 is divided by 71?
67
What is the remainder when 3023 is divided by 189?
188
What is the remainder when 5361 is divided by 316?
305
What is the remainder when 88 is divided by 30?
28
Calculate the remainder when 126 is divided by 44.
38
Calculate the remainder when 1143 is divided by 16.
7
What is the remainder when 455 is divided by 112?
7
What is the remainder when 100 is divided by 55?
45
Calculate the remainder when 619 is divided by 125.
119
Calculate the remainder when 736 is divided by 156.
112
What is the remainder when 33302 is divided by 181?
179
What is the remainder when 153 is divided by 79?
74
What is the remainder when 335 is divided by 270?
65
What is the remainder when 260 is divided by 23?
7
What is the remainder when 445 is divided by 45?
40
